factors of 1392694?
2, 73, 9539
List the prime factors of 40314.
2, 3, 6719
List the prime factors of 21022025.
5, 431, 1951
List the prime factors of 1024465.
5, 13, 15761
What are the prime factors of 21265011?
3, 17, 15443
List the prime factors of 715175.
5, 28607
List the prime factors of 3401250.
2, 3, 5, 907
List the prime factors of 1433620.
2, 5, 43, 1667
List the prime factors of 3178878.
2, 3, 529813
What are the prime factors of 209380?
2, 5, 19, 29
What are the prime factors of 373656?
2, 3, 15569
List the prime factors of 13675479.
3, 199, 22907
What are the prime factors of 157066?
2, 7, 13, 863
List the prime factors of 17955.
3, 5, 7, 19
What are the prime factors of 3603808?
2, 13, 8663
What are the prime factors of 20771?
20771
What are the prime factors of 15203913?
3, 271, 18701
List the prime factors of 840619.
13, 64663
What are the prime factors of 1477157?
11, 134287
List the prime factors of 1985218.
2, 992609
List the prime factors of 8170749.
3, 109, 8329
List the prime factors of 1938993.
3, 7, 92333
What are the prime factors of 29389?
29389
What are the prime factors of 991150?
2, 5, 43, 461
List the prime factors of 1939616.
2, 7, 1237
List the prime factors of 14376924.
2, 3, 29, 47, 293
List the prime factors of 109563.
3, 59, 619
List the prime factors of 9994.
2, 19, 263
What are the prime factors of 969061?
241, 4021
List the prime factors of 5594483.
5594483
List the prime factors of 169595.
5, 107, 317
What are the prime factors of 1659360?
2, 3, 5, 3457
List the prime factors of 6477791.
31, 208961
What are the prime factors of 1383534?
2, 3, 25621
What are the prime factors of 18631665?
3, 5, 13, 31849
List the prime factors of 447141.
3, 113, 1319
List the prime factors of 16570173.
3, 353, 15647
List the prime factors of 2504882.
2, 17, 73673
List the prime factors of 5603433.
3, 11, 277, 613
List the prime factors of 25890562.
2, 29, 446389
List the prime factors of 2009652.
2, 3, 167471
List the prime factors of 9609990.
2, 3, 5, 13, 41, 601
List the prime factors of 17746733.
17746733
What are the prime factors of 38207?
13, 2939
List the prime factors of 143718.
2, 3, 17, 1409
List the prime factors of 429821.
7, 61403
What are the prime factors of 16464659?
19, 401, 2161
What are the prime factors of 2955481?
2955481
List the prime factors of 1929245.
5, 17, 22697
What are the prime factors of 34512?
2, 3, 719
What are the prime factors of 13540228?
2, 13, 17, 53
What are the prime factors of 6174038?
2, 13, 83, 2861
What are the prime factors of 182670?
2, 3, 5, 6089
What are the prime factors of 492690?
2, 3, 5, 11, 1493
List the prime factors of 176843.
89, 1987
What are the prime factors of 4635826?
2, 13, 178301
What are the prime factors of 6049879?
11, 49999
List the prime factors of 5940667.
17, 73, 4787
What are the prime factors of 5246252?
2, 11, 119233
List the prime factors of 2113990.
2, 5, 179, 1181
List the prime factors of 241897.
71, 3407
List the prime factors of 2610788.
2, 43, 353
List the prime factors of 465132.
2, 3, 83, 467
What are the prime factors of 1486243?
11, 71, 173
List the prime factors of 9825041.
1709, 5749
What are the prime factors of 1270347?
3, 13, 32573
List the prime factors of 106282.
2, 11, 4831
List the prime factors of 69031.
69031
What are the prime factors of 189185?
5, 157, 241
What are the prime factors of 11455568?
2, 715973
What are the prime factors of 420482?
2, 210241
List the prime factors of 3637889.
41, 88729
List the prime factors of 113627.
37, 83
List the prime factors of 47954.
2, 23977
List the prime factors of 127571.
29, 53, 83
List the prime factors of 8473694.
2, 73, 127, 457
What are the prime factors of 5352703?
5352703
List the prime factors of 589589.
7, 11, 13, 19, 31
List the prime factors of 550024.
2, 197, 349
What are the prime factors of 266483?
7, 38069
List the prime factors of 5191564.
2, 7, 79, 2347
List the prime factors of 2854390.
2, 5, 7, 11, 337
What are the prime factors of 168137?
383, 439
List the prime factors of 1779555.
3, 5, 31, 43, 89
What are the prime factors of 1406164?
2, 419, 839
List the prime factors of 112013.
11, 17, 599
What are the prime factors of 5570?
2, 5, 557
What are the prime factors of 39632?
2, 2477
What are the prime factors of 132921?
3, 547
What are the prime factors of 19406020?
2, 5, 23, 42187
What are the prime factors of 2827636?
2, 7, 100987
List the prime factors of 1321345.
5, 264269
What are the prime factors of 482013?
3, 7, 1093
List the prime factors of 305442.
2, 3, 71, 239
What are the prime factors of 30674540?
2, 5, 13, 117979
List the prime factors of 644752.
2, 59, 683
What are the prime factors of 5377895?
5, 71, 15149
List the prime factors of 506965.
5, 41, 2473
List the prime factors of 28519.
19, 79
What are the prime factors of 3681225?
3, 5, 16361
What are the prime factors of 1642375?
5, 7, 1877
What are the prime factors of 5719638?
2, 3, 953273
List the prime factors of 25719.
3, 8573
What are the prime factors of 17457992?
2, 2182249
What are the prime factors of 250122?
2, 3, 41687
List the prime factors of 104977.
113, 929
What are the prime factors of 686152?
2, 199, 431
What are the prime factors of 237829?
29, 59, 139
What are the prime factors of 215552?
2, 421
What are the prime factors of 2037?
3, 7, 97
What are the prime factors of 9777993?
3, 1213, 2687
List the prime factors of 573164.
2, 143291
What are the prime factors of 19004829?
3, 31, 204353
List the prime factors of 855066.
2, 3, 17, 83, 101
What are the prime factors of 45737?
45737
List the prime factors of 325825.
5, 13033
List the prime factors of 236783.
236783
What are the prime factors of 7305942?
2, 3, 7, 197, 883
What are the prime factors of 94448?
2, 5903
What are the prime factors of 823520?
2, 5, 5147
What are the prime factors of 500509?
500509
What are the prime factors of 721289?
71, 10159
List the prime factors of 4292.
2, 29, 37
What are the prime factors of 1181424?
2, 3, 151, 163
List the prime factors of 9698939.
23, 31, 61, 223
List the prime factors of 15169.
7, 11, 197
List the prime factors of 162713.
162713
What are the prime factors of 2520250?
2, 5, 17, 593
List the prime factors of 28855154.
2, 17, 848681
List the prime factors of 93809.
93809
List the prime factors of 2626250.
2, 5, 11, 191
What are the prime factors of 2369218?
2, 1184609
What are the prime factors of 155093?
31, 5003
What are the prime factors of 2114165?
5, 41, 10313
List the prime factors of 3733050.
2, 3, 5, 41, 607
What are the prime factors of 1297780?
2, 5, 11, 17, 347
What are the prime factors of 6101986?
2, 11, 277363
List the prime factors of 4960472.
2, 11, 56369
What are the prime factors of 414160?
2, 5, 31, 167
List the prime factors of 1438354.
2, 719177
List the prime factors of 198488.
2, 43, 577
List the prime factors of 997721.
269, 3709
List the prime factors of 1356975.
3, 5, 37, 163
What are the prime factors of 831001?
67, 79, 157
List the prime factors of 1673679.
3, 7, 79699
List the prime factors of 120409.
347
What are the prime factors of 384760?
2, 5, 9619
What are the prime factors of 679282?
2, 23, 14767
What are the prime factors of 126785?
5, 25357
What are the prime factors of 1506664?
2, 188333
List the prime factors of 2923147.
2923147
List the prime factors of 2821332.
2, 3, 235111
What are the prime factors of 1028754?
2, 3, 19051
What are the prime factors of 7964904?
2, 3, 331871
What are the prime factors of 1834994?
2, 7, 131071
List the prime factors of 6824832.
2, 3, 7, 2539
What are the prime factors of 8125682?
2, 4062841
What are the prime factors of 525965?
5, 11, 73, 131
List the prime factors of 1744951.
13, 134227
List the prime factors of 320033.
7, 131, 349
List the prime factors of 13645439.
19, 37799
List the prime factors of 21319516.
2, 149, 35771
List the prime factors of 371259.
3, 7, 71, 83
List the prime factors of 240601.
17, 14153
List the prime factors of 650628.
2, 3, 11, 31, 53
What are the prime factors of 19037157?
3, 1033, 6143
List the prime factors of 1089448.
2, 43, 3167
List the prime factors of 102317.
102317
What are the prime factors of 88531?
223, 397
What are the prime factors of 3098853?
3, 29, 31, 383
W